2 - 2*w - 1. Let n(c) = l*h(c) + b(c). Give n(4).
-6
Let j(p) be the second derivative of 3*p**5/5 - p**4/12 - p**3/6 - p**2 - 1198*p + 2. What is j(2)?
88
Let i(n) be the third derivative of -17*n**4/24 + n**3 - n**2. Let j(d) = -15*d + 5. Let a = 3439 - 3446. Let w(g) = a*j(g) + 6*i(g). Give w(-1).
-2
Let h be (-62)/(-10) - (-12)/(-60). Let f(l) = -l**2 + 12*l - 41. Let s be f(h). Let b(j) = -j**2 - 4*j - 3. What is b(s)?
-8
Let q = -17 + 9. Let u = 161 - 152. Let a(d) = 9 + 0 - 3*d**2 + 4*d**2 + 0 + u*d. Give a(q).
1
Let b(q) = q**3 + 6*q**2 - 4. Let u(m) = 2*m + 6. Let d be u(-5). Let f = 320 + -321. Let c be (((-25)/(-10))/f)/((-2)/d). Determine b(c).
21
Let t(k) = -k**3 + 7*k**2 - 40*k - 74. Let n(x) = 2*x**3 - 9*x**2 + 77*x + 146. Let a(r) = 4*n(r) + 7*t(r). Determine a(-11).
0
Suppose -32*i + 96 = -258 - 30. Let w(n) = -7*n + 98. Calculate w(i).
14
Let p(m) = 2*m**2 + 63*m - 2913. Let i be p(-57). Let g(f) = -117*f - 701. What is g(i)?
1
Let u(y) = y**3 - 2*y**2 - y + 1. Let k be 7 + 5/(-10)*8. Let r be (k - (-1 - 0)) + -6. What is u(r)?
-13
Let a(g) = -16*g**2 + 8*g + 8. Suppose 6 - 2 = -140*q + 136*q. Give a(q).
-16
Let j(b) be the first derivative of 5*b**2/2 - 41*b + 2545. Determine j(9).
4
Suppose f + 0*f - 26 = 6. Let p(c) = -c + 25. Give p(f).
-7
Let o(r) = r**3 + 4*r**2 - 16*r - 48. Let a be o(-5). Let g(s) = -a*s + 9*s - 4*s. Give g(-5).
10
Let r(t) = -5*t**2 + 13*t + 5. Let f(k) = -13*k**2 + 25*k + 10. Let s(z) = -2*f(z) + 5*r(z). What is s(-12)?
-31
Let h(p) = p**2 + 2*p - 6. Let s(l) = -132 + 24 + 2112*l**2 + 11*l - 2113*l**2 - 32*l. Let j be s(-12). Calculate h(j).
-6
Let k(r) = 3*r**3 - 2*r + 1. Let c(l) = -l**3 + 2*l**2 + 44*l - 122. Let m be c(3). Give k(m).
2
Let y(r) = 17*r**3 + 4*r**2 + 36*r + 3. Let o(t) = -3*t**3 - t**2 - 7*t - 1. Let w(d) = 11*o(d) + 2*y(d). Give w(4).
-9
Let o(y) be the second derivative of -5*y**3/3 + 25*y**2/2 + 1066*y. Give o(3).
-5
Let y(k) be the second derivative of -1/2*k**3 + 0 - k**2 + 75*k + 1/4*k**4. Calculate y(-2).
16
Let c be (((-9)/12)/(1470/(-184) - -8))/(-3). Let g(u) = -u**2 + 26*u - 62. Give g(c).
7
Let m(g) = 2*g - 17. Suppose 0*s + 5*s = 60. Let i be m(s). Let a(r) be the first derivative of r**2/2 - 13*r - 504. Give a(i).
-6
Let r(j) = -4*j - 2. Suppose -6*w + 2*w - 3*p - 23 = 0, 0 = -5*w - p - 26. Let o = 7 + w. Calculate r(o).
-10
Let n(z) = 21*z - 1043. Let a be n(50). Let w(k) = -6*k + 14. What is w(a)?
-28
Let g = -22 - -18. Let f(z) = -48*z. Let o(b) = 7*b + 1. Let h(v) = f(v) + 7*o(v). Determine h(g).
3
Let j be 2/(-5) + 1011/15. Let p(o) = 68*o - j*o + 12 + 3. Let g = -5 + 5. What is p(g)?
15
Let x = 1950 - 1945. Let d(g) = -g**3 + 4*g**2 - 5*g - 5. What is d(x)?
-55
Let j(x) = -x**3 - 5*x**2 - 1. Suppose 7*w - 52 = -45. Suppose -5*c - 26 = -w. Give j(c).
-1
Let a(l) be the second derivative of 5*l - 5/6*l**3 + 0 - l**2. Give a(-2).
8
Let q(i) = -i + 5. Suppose 6*x + 3*l = 3*x - 597, 3*l + 1003 = -5*x. Let n = x - -211. What is q(n)?
-3
Let u(g) = g**3 + 6*g**2 - 8*g - 2. Let z = 145 - 142. Suppose -4*x + 0*x + 5*b = 53, z*b - 29 = 2*x. Calculate u(x).
5
Let v(y) = y + 12. Let i = 3586 - 3578. What is v(i)?
20
Let u = 46 - 29. Suppose -22*d = -u*d - 15. Let p(o) = 5*o**3 + o - 12*o**d + 6*o**3 - 3 + o**2. Give p(3).
-18
Let t(f) = f**3 - 33*f**2 + 61*f + 44. Let m be t(31). Let o be (-16 + m)*(-20)/6. Let b(v) = -v**2 + 10*v + 11. Determine b(o).
11
Suppose 12 = 14*u - 44. Let z(v) = 153*v**2 + 144*v**2 - 18*v - v**3 - 278*v**2 - u - 3. What is z(18)?
-7
Let u(j) = -j**3 - 4*j**2 + 2*j + 1. Suppose 0 = -4*t + 571 - 1667. Let z = -278 - t. Calculate u(z).
-7
Let q(i) = 287 - 572 - 2*i + 284 + 6*i - i. Let w = 5 - 3. Suppose w*c + 12 = -x, -x = -2*c - 4*x - 20. Give q(c).
-13
Suppose m - 1 = 0, 4*f + 4*m + m - 17 = 0. Let s(p) = -4 - f*p - 2*p + 7*p + 3. Let c(h) = -h**3 - 2*h**2 + 4*h + 5. Let i be c(-2). Determine s(i).
-7
Let c(y) = 8*y**2 + 38*y + 57. Let r(o) = -5*o**2 - 25*o - 39. Let f(w) = -7*c(w) - 11*r(w). Give f(12).
-6
Suppose 251*m - 247*m = 32. Let r(t) = -t**3 + 7*t**2 + 8*t + 13. What is r(m)?
13
Suppose 3*j + 5*x = 3*x + 2, -5*j = 4*x - 4. Suppose -15*u - 145 + 100 = j. Let s(g) = -g + 3. Determine s(u).
6
Let d(v) = -4*v + 6*v - 1 + 0*v. Let x be 352/128 - (-2)/8. Let p be (-12)/30 - x/5. What is d(p)?
-3
Let n(k) = -25*k + 647. Let u be n(26). Let r(m) = -2*m**2 + 3*m + 24. What is r(u)?
-3
Suppose 11*p + 16 = 8*p + 5*q, 4*p + 32 = -4*q. Let f(h) = -h**2 + 7*h - 5. Let z be f(5). Let c(b) = -3*b**2 + z*b**2 + b**2 - 8*b - 4*b**2 + 2. Give c(p).
9
Let k(y) be the first derivative of y**5/60 + 5*y**4/12 + 2*y**3/3 + y**2 + 23*y - 24. Let s(w) be the second derivative of k(w). What is s(-7)?
-17
Let v = -5289 - -5292. Let j(b) be the second derivative of -3/2*b**2 + 0 - 1/2*b**v - 9*b. Determine j(3).
-12
Suppose 4*d = -t + 38, 2*d + t + 2 - 20 = 0. Let p(l) = -l**3 + 7*l**2 + 32*l + 5. Determine p(d).
25
Let k(a) = 6*a**2 - 24. Let g be k(-4). Let t(n) = -41*n**2 - n**3 - 35*n**2 + g*n**2 - 7*n + 2*n**3 + 6. Calculate t(5).
-4
Let a(y) = 23*y**2 + 36*y - 8. Let f(g) = -9*g**2 - 17*g + 5. Let k(x) = -2*a(x) - 5*f(x). Give k(13).
-9
Suppose -3*x + 0*p - 70 = -5*p, -15 = -3*p. Let g(q) = 4*q + 53. Let c be g(x). Let v(l) be the third derivative of -l**4/24 - l**3/2 + l**2. Calculate v(c).
4
Suppose -438*a = -433*a + 490. Let p be (a/(-21) - 2)*(-3)/1. Let r(o) = -o. Give r(p).
8
Let r be ((-536)/536)/(24/(-21) + 1). Let y(x) = x**3 - 3*x**2 - 21*x - 9. Calculate y(r).
40
Let i(m) = m**2 + 3*m - 302. Let f be i(-19). Let h(b) = -31*b + 61. What is h(f)?
-1
Suppose -2*h + 4*h = -2. Let c(m) = -m + 1. Let w be (-1)/(4 - (-105)/(-25)). Let i(r) = 20*r**2 - 3*r + 6. Let s(l) = w*c(l) - i(l). Give s(h).
-19
Let n(b) be the first derivative of 5*b**2/2 - 4*b - 96. Let g = 35 - 33. Determine n(g).
6
Let c(l) = -17*l**3 - 3*l + 2. Let h(d) = 26*d**3 + 6*d - 4. Let j(m) = 11*c(m) + 6*h(m). Calculate j(1).
-30
Suppose -4*g + 1 = -n - 8, 5*n = 3*g + 6. Suppose 1 = n*m - v, 3*m = 3*v + 2*v - 19. Let k(l) = m*l - 7*l - l**2 - 3 + 6 - 9. Give k(-5).
-6
Suppose -5*j + 4*v - 30 = 0, -15*j + 20*j + 6*v = -30. Let f(c) be the first derivative of -c**4/4 - 2*c**3 - 3*c**2/2 - 5*c - 1. Calculate f(j).
13
Let q(j) = j**3 + 2*j**2 - 6*j - 1. Let d(k) = -k**2 + 14*k - 4. Let c = -31 - -31. Suppose -19*u + 15*u + 56 = c. Let n be d(u). Give q(n).
-9
Let v(m) = -m**3 - 5*m**2 - 5*m + 1. Let b be v(-4). Suppose 4 = -3*k + 4*l - 15, 5*k + b*l = 15. Let f(w) = 14*w**3 + w**2 + w. What is f(k)?
-14
Let p(y) = -12*y - 6. Let r(h) = -26*h - 9. Let w(n) = 9*p(n) - 4*r(n). Let b be (-1)/(-2) - (-11)/(-2). Give w(b).
2
Let u(d) = -d + 7. Let i(f) = -3*f + 14. Let o(a) = 2*i(a) - 5*u(a). Suppose -43*t - 1636 + 1249 = 0. Calculate o(t).
2
Let w(q) = -90*q + 5. Let n(u) = -158*u + 9. Let g(b) = 4*n(b) - 7*w(b). Let r(t) = -t + 3. Let j be r(4). Determine g(j).
3
Suppose -1 = 2*n - c - 4, n - 3*c = -1. Let r(y) = -n - 11*y + 6*y - 3 + 7*y. Suppose 0 = -2*h + 2*x + 16, h - 2*x + 0*x = 10. What is r(h)?
7
Let x(h) be the second derivative of -h**4/6 + 2*h**2 + 4*h. Let b(j) = 9*j + 3. Let w be b(1). Suppose -10*g = -w*g - 6. Determine x(g).
-14
Let z(q) = 10*q + 1. Let m(x) = 14*x + 2. Let i be m(1). Suppose -i = -3*d - h, -2*h + 9 = 1. Suppose -5*a = -w + 5 + 1, 5*a = -d*w - 1. Calculate z(w).
11
Let m(t) = -t**3 + 5*t**2 - 5*t + 10. Let p be (-10)/(-2)*(3/15 + (-4)/(-5)). Calculate m(p).
-15
Let c(q) = 47*q + 0 - 45*q - 2. Suppose 0 = -3*j + 20 - 17. Determine c(j).
0
Let c(x) = 8*x + 127. Suppose -12*z - 255 = 3*z. Let r be c(z). Let k(i) = -i**2 - 7*i + 9. Calculate k(r).
-9
Let v(f) = 2*f - 27. Let i(a) = -a + 15. Let w(k) = -7*i(k) - 4*v(k). Let l(j) = j**3 + 11*j + 0*j**2 - 4*j**2 - 11*j. Let x be l(4). Determine w(x).
3
Let z(y) = y**2 + y - 4. Let g(w) = 3*w**2 + 2*w - 7. Let o(k) = -2*g(k) + 5*z(k). Let h(l) = -2*l + 1. Let c(q) = 2*h(q) + o(q). Determine c(-4).
-8
Let p = 852 + -850. Let j(v) = v + v**p - 2*v**2 - 3*v - 383 + 393. Determine j(3).
-5
Let u(m) = -m - 22. Let a be 3 + (-7)/((-35)/(-120)). Let q be ((-35)/7 - -8) + a. What is u(q)?
-4
Suppose -2*v + 19 = 5*w, -3*w = -v - 0*w - 7. Let s(q) = 4*q + q**v - 6*q - q - 1 + 6*q. Calculate s(-6).
17
Let f(a) = -4*a - 9. Let 